ppose -p - 6 = -m*p. What is the units digit of p?
2
Let u(x) be the first derivative of 2*x**3/3 + 47*x**2/2 + 34*x - 17. What is the units digit of u(-26)?
4
What is the hundreds digit of (-2 - -6) + (-10 - (-1892 - 7))?
8
Let w(d) = d**2 - 7*d + 4. Let i be w(5). Let c be i*((-45)/(-2))/5. What is the tens digit of (-3)/((6/c)/2)?
2
What is the hundreds digit of (16 - 56/7) + 465?
4
Let f(c) = -c + 5. Let d be f(5). Let i(k) = k**2 - 3*k - 4. Let v(r) = 2*r**2 - 5*r - 9. Let l(y) = 7*i(y) - 4*v(y). What is the units digit of l(d)?
8
Suppose 40*z = 26*z + 5684. What is the hundreds digit of z?
4
Let z(d) = -d**3 + 3*d**2 + 3*d - 6. Let y be z(3). Suppose -24 - 225 = -y*h. What is the units digit of h?
3
What is the tens digit of (24/(-2))/4 + 0 + 4296?
9
Let s = 111 + 15. What is the tens digit of s?
2
Let q(m) = m + 37. What is the tens digit of q(-19)?
1
Let d = -11 - -16. Suppose h - 3*h = -d*v - 318, 4*v = 4*h - 660. What is the hundreds digit of h?
1
Suppose 5 = -2*k + 3*k. Suppose -2*g + 6 = 0, -5*g + g - 13 = -k*p. Suppose 4*f - 91 = y, -p*f = 3*y - 5*y - 113. What is the units digit of f?
3
Let t = -5 + 7. Suppose -t*k + 25 = 3*k. Suppose -215 = -5*u + y, k*u - y - 195 = 4*y. What is the units digit of u?
4
Let a be (-6)/(24/(-406))*2. Let p = a - 116. What is the tens digit of p?
8
What is the hundreds digit of (-7)/(-1*2/56)?
1
Suppose 5*g - 6479 = -1259. What is the tens digit of g?
4
Let b = -9 - -15. Suppose -5*k + 5*j = -50, 5*k - 4*j = -b*j + 50. Suppose 9*s = 4*s + r + 25, -2*r = -k. What is the units digit of s?
6
Let c = 72 - -193. What is the tens digit of c?
6
Let f = -1009 + 3351. What is the tens digit of f?
4
What is the tens digit of 3/(72/(-4)) + 4483/6?
4
Let j(g) = g**3 + 6*g**2 - 13*g + 18. What is the thousands digit of j(10)?
1
Suppose 0 = 46*w - 429702 + 134060. What is the hundreds digit of w?
4
Let p(v) = -5*v. Let i be p(-2). Let l = -1 + i. What is the tens digit of (-112)/(-6) - (-3)/l?
1
What is the tens digit of ((-13710)/40)/((-3)/8)?
1
Let z(h) = -4*h**3 + 7*h**2 + h + 3. Let b be z(-6). Suppose 3*t + t + a = 880, b = 5*t - 2*a. What is the hundreds digit of t?
2
Let g = 32 + 39. Suppose 4*h = -4*v + 224, 4*v = 2*h - g - 53. What is the units digit of h?
8
Let a(d) = 3*d**2 - 34*d + 304. What is the hundreds digit of a(14)?
4
Let b = 205 - 93. What is the tens digit of b?
1
What is the thousands digit of (-4 - -14 - 6) + 1096?
1
Let r = -312 + 102. Let k = r + 316. What is the tens digit of k?
0
Suppose 0 = -4*x - 0 + 104. Let q = x + 49. What is the units digit of q?
5
Suppose -14*c - 6*c = -26080. What is the hundreds digit of c?
3
Let n(j) = -j**3 - 28*j**2 - 23*j - 105. What is the units digit of n(-28)?
9
Let z(o) = 4*o**3 - o**2 - 2*o - 2. Let t = -52 - -55. What is the tens digit of z(t)?
9
Suppose -3*d + 3*w = 2*d - 25, 4*w = 0. Suppose 0 = -4*s + 12, -m + 2 = -4*s + 17. Let a = d + m. What is the units digit of a?
2
Let w = 955 - 649. Suppose -w = -5*s + 244. Suppose -4*a - 55 = -n + a, 0 = 2*n + 4*a - s. What is the tens digit of n?
5
Suppose 5*p = -2 + 12. Suppose 0 = p*m - 0 + 14. Let d = 23 - m. What is the tens digit of d?
3
Let o(w) = 38 + 3*w**2 - 19*w - 4*w**2 - 40. What is the tens digit of o(-8)?
8
Let o(c) = 13*c**2 - c + 15. Let d be o(6). Suppose 315 = 4*z - d. What is the tens digit of z?
9
Let l = -97 + 215. Suppose 40 = 4*i + 2*d - 404, i = -4*d + l. Suppose 0*u = 2*u - i. What is the units digit of u?
5
Suppose -3*d + 7 = r, 0 = -d - 6*r + 3*r - 11. Suppose 0 = -10*i + d*i + 336. What is the tens digit of i?
5
Let d = -51 + 74. Suppose 13 = 3*k - d. Let w(v) = v - 5. What is the units digit of w(k)?
7
Suppose -2*x = -3*x - 4. Let t be -30*2/(x - -2). Suppose 1 = j - t. What is the units digit of j?
1
Let i = 19 + -15. Suppose -i*x = -j + 24, j = -0*j - 2*x - 6. Let v = 24 + j. What is the tens digit of v?
2
Let i = 224 + -54. Let r be 0 - (2 - (116 - 2)). Let m = i - r. What is the tens digit of m?
5
Let z be 4/(-6)*(-1195 + 16) + -4. Suppose 163 = q - 3*k, -130 + z = 4*q + 3*k. What is the hundreds digit of q?
1
Suppose d = 2*d + 41. Let t = d - -66. Suppose 4*z = -2*x - 4, 4*x - t = -x - 3*z. What is the units digit of x?
8
Let n be 388 + (-4 + 5 - -1). Suppose x = -5*p + n, 5*p - x - 491 = -91. What is the tens digit of p?
7
Suppose 0 = 18*n - 17*n + a - 1099, -n + 1095 = 5*a. What is the hundreds digit of n?
1
Let q(j) = -14*j - 21. Let m(l) = -15*l - 20. Let g(i) = 2*m(i) - 3*q(i). What is the tens digit of g(7)?
0
Let p(r) = -r - 14. Let b(o) = -5*o - 57. Let m(y) = 2*b(y) - 9*p(y). What is the units digit of m(9)?
3
Let u be 0/(7/3 - 3/9). Suppose 2*a = 5*r - 401, u = 2*r + 2*a - 259 + 93. What is the tens digit of r?
8
Suppose -2*m = -5*m + 21. Suppose -3*b + 16 = m. Suppose -68 = -7*i + b*i. What is the tens digit of i?
1
Let x be (-1 - -2)/((-2)/(-162)). Suppose -z - 5*j + x = 0, -3*z - 4*j = 2*z - 384. Let m = -14 + z. What is the tens digit of m?
6
Suppose -4*w = -5*n - 36, 2*n + 0*n - 12 = -5*w. Let l(q) = -q**3 + 6*q**2 - 3*q + 2. What is the tens digit of l(w)?
2
Suppose b + 3*t = 4312, 13*t - 17278 = -4*b + 16*t. What is the units digit of b?
8
Let d(c) = 12*c. Let s = -33 + 38. What is the units digit of d(s)?
0
Suppose -117182 = -74*q + 47246. What is the tens digit of q?
2
Suppose -2*v - 2*v + 116 = 0. Let z = v + -27. Suppose -2*b - 5*p + 78 = 0, -200 = -4*b + z*p - p. What is the tens digit of b?
4
Suppose 0 = -3*z + 12, -5*v + 372 + 172 = z. Let f = v + 17. What is the hundreds digit of f?
1
Let r(t) = -t**3 + 3*t**2 + 2*t - 2. Let c be r(3). Suppose c*b - 176 - 48 = 0. What is the tens digit of b?
5
Suppose -11 - 19 = 3*l. Let c = l - -1. What is the tens digit of (6/c)/((-2)/108)?
3
Let r(d) = 26*d - 7. Let i be r(7). Let m = i + -123. What is the units digit of m?
2
Let d(i) = i**3 + i - 1. Let p(t) = 5*t**3 - t**2 + 3*t - 24. Let q = -9 - -8. Let k(u) = q*p(u) + 4*d(u). What is the tens digit of k(0)?
2
Suppose 0 = 4*j + 210 - 1902. Suppose -2*c + j = -117. What is the units digit of c?
0
Let t(z) = -2*z - 34. Let u(r) = -1. Let y(i) = -t(i) + 12*u(i). Let k be (-76)/(-532) + (-2)/(13 - -1). What is the units digit of y(k)?
2
Suppose 0 = -4*n - y + 4746 + 1391, 2*y = -3*n + 4609. Suppose 4*d + n = 11*d. What is the hundreds digit of d?
2
Let y be 4/16 + (-99)/12. Let l be (2 + y)/(-3 + 1). Suppose 94 = -o + l*o. What is the units digit of o?
7
Suppose -v - 7 = 4*i - 23, 1 = -3*i - 4*v. Suppose -i*w = -3*w - 136. What is the units digit of w?
8
Let k(f) = 3*f**2 - 8*f - 7. Let o be k(-1). Suppose -555 = -5*v + 75. Suppose -o*j + j = -v. What is the tens digit of j?
4
Suppose 2*w + 4*o = -3*w - 12, -2*w + 4*o = -12. Let m be 5*(-204)/(-150) - (-12)/(-15). Suppose w = m*i - 479 + 107. What is the tens digit of i?
6
Let b = 481 + -422. What is the tens digit of b?
5
Let c(w) = -15*w**3 - 3*w**2 - 2*w - 2. What is the hundreds digit of c(-4)?
9
Let k(q) = -q**2 - 15*q - 5. Let l be k(-13). Let m = 16 - l. Let i = m + 59. What is the units digit of i?
4
Suppose 40 = 5*g - 770. Let w = g - 51. What is the units digit of w?
1
Suppose 0 = -45*x + 33*x + 14028. What is the units digit of x?
9
Let v = 33 - -315. Let j = v + -180. What is the tens digit of j?
6
Let v be 2/((7 - 3)/4). Suppose 0 = -5*t + 5*n - 20, 2*n = -v*n - 16. What is the units digit of (-5)/(-20) + (-110)/t?
4
Suppose i + 36 = 5*i. Suppose 0*p + 3*c = -2*p + 104, -p + 3*c = -61. Let f = p - i. What is the tens digit of f?
4
Let x = -295 - -469. Let d be x/15 + 2/5. What is the units digit of 21/2 + (-18)/d?
9
Let f be (6/15)/(4/20). Suppose 0 = 2*i + f - 4. What is the units digit of i?
1
Let b = 483 + -84. Suppose -122 = -i + 5*m, -5*i + b = -m - 163. What is the units digit of i?
2
Let h = 125 - 37. Suppose r + i - h = 3*r, 3*r - 3*i = -138. What is the units digit of (-12)/r + 68/7?
0
Let f(t) = 3*t**3 - 30*t**2 + 150*t + 1. What is the hundreds digit of f(15)?
6
Suppose -c = 3*v - 6, 2*c - 2*v + 6*v - 20 = 0. What is the tens digit of 6*4/c*51?
6
Let r(w) = -w + 3. Let a be r(0). What is the tens digit of (-1)/a + 3 + (-561)/(-9)?
6
Let r = -359 + 522. What is the hundreds digit of r?
1
Let x be 48 + -51 + (-6)/(3 + -1). Let q be (0/(-1) - -3) + 1. What is the units digit of (-14)/x 